hen w is divided by d.
11
Suppose 8*z - 13*z + 25 = 0. Suppose -z*m + 2*h = -62, -5 = 4*m + 5*h - 48. Suppose -2*w + 184 = 2*w. What is the remainder when w is divided by m?
10
Let b = 334 - 296. Calculate the remainder when 62 is divided by b.
24
Suppose 164 = -0*i + 3*i - m, 3*i + m = 166. What is the remainder when i is divided by 29?
26
Suppose 5*u - 23 - 2 = 0. What is the remainder when u/2*(-1)/((-10)/76) is divided by 5?
4
Suppose -t = 5*t - 516. Suppose 0 + 12 = 4*m, 4*z - t = -2*m. Calculate the remainder when z is divided by 7.
6
Suppose -5*s + 4*l = -174, -s + 41*l - 37*l = -22. What is the remainder when s is divided by 12/1 + 1 + -3?
8
Suppose -5*f + 9 = 39. What is the remainder when (9 + f)/(6/26) is divided by 5?
3
Suppose 3*i = -3*j - 57, i = 2*j + 27 - 4. Let u be 4/j + 1165/35. Suppose 5*f = u + 172. What is the remainder when f is divided by 21?
20
Let r(j) be the second derivative of 5*j**3/6 + 9*j. Let h be r(2). Suppose -i - h = -25. Calculate the remainder when 43 is divided by i.
13
Let z(g) = -g**2 - 20*g - 88. Calculate the remainder when 155 is divided by z(-10).
11
Calculate the remainder when (13 - -2)*(25 + 0) is divided by 27.
24
Suppose 0*g - 3*g = -2*g. Suppose g = -4*w + 2*w + l + 95, l - 97 = -2*w. Calculate the remainder when w is divided by 7.
6
Let l = -144 + 156. Let d = 0 + 1. Calculate the remainder when 2 + (0 - d)*-21 is divided by l.
11
Let q = -549 + 728. What is the remainder when q is divided by 30?
29
Suppose 5*v + 0 = -3*d + 19, 5*v = -4*d + 22. Calculate the remainder when 60 is divided by d.
0
Calculate the remainder when (-226)/(-2) - (-10 - 128/(-8)) is divided by 55.
52
Suppose -18 = -6*p + 4*p. Suppose 5*b + n = 3*b + 65, 2*n = 10. What is the remainder when b is divided by p?
3
Suppose s - w = -0*s + 22, 2*s - 51 = -5*w. What is the remainder when 81 is divided by s?
12
Let v be ((-60)/75)/(2/(-5)). Suppose -v*m = -31 + 11. Suppose -40 + 196 = 4*d. What is the remainder when d is divided by m?
9
Let s(u) = u**2 - 3*u + 2. Calculate the remainder when (-152)/(-57) + 2/6 + 3 is divided by s(3).
0
Suppose 3*l + 4*w = 594, 4*l - 779 = -10*w + 9*w. Calculate the remainder when l is divided by 73.
48
Suppose 11*c = 5*c + 36. Calculate the remainder when (-2)/4 + (-19)/(-2) is divided by c.
3
Let r(m) = -8*m - 185. What is the remainder when r(-35) is divided by 15?
5
Let o(v) = 9*v - 3. Let r be o(-3). Let u be (-2)/(-4)*r/(-3). Suppose 0 = u*m - 33 - 12. What is the remainder when 25 is divided by m?
7
Let i(k) = -k**2 + 3*k + 2. Suppose 9 = -0*h + 3*h. Let w be i(h). Suppose -w*d + d + 2*a = -5, a = -3*d + 36. Calculate the remainder when 30 is divided by d.
8
Suppose 23 + 15 = 4*v + 2*l, -16 = -3*v - 4*l. Let y(a) = 7*a - 29. Suppose 5*i + c = 74, c - 3*c = i - 22. What is the remainder when y(v) is divided by i?
13
What is the remainder when 35 is divided by (-1 + 4/20)/(18/(-315))?
7
Let p = -778 - -785. Calculate the remainder when 210/9 - (-4)/6 is divided by p.
3
Let k be -3*8/12 - -17. Let w be (-52)/(-3) + 10/k. Suppose -a + 3*a - w = -z, -3 = -z + a. Calculate the remainder when 22 is divided by z.
6
Let a(m) = 2*m + 5. Let i = -109 - -115. Calculate the remainder when a(i) is divided by 10.
7
Let j(g) = -g**3 + g**2 - g + 6. Calculate the remainder when 30/(1/(1/2)) is divided by j(0).
3
Suppose 3*q = -5*d + 146 + 401, 3*q - 4*d - 502 = 0. Suppose 3*x - 75 = q. What is the remainder when x is divided by 28?
27
Let u(s) = s**3 + 6*s**2 - 7*s. Let c be u(-7). Suppose -3*r = -4*o - o - 28, c = -3*r + 2*o + 13. What is the remainder when r/(-2)*(-12 - -2) is divided by 2?
1
Suppose -2 = 3*p - 11. Suppose p*l = -d + 86, -l - 6*d + 36 = -2*d. What is the remainder when 28 is divided by 1 - 5/((-10)/l)?
13
Suppose 6*k - 234 = 306. What is the remainder when k is divided by 46?
44
Suppose 6*n - n - 237 = 2*a, 0 = 3*n + 5*a - 167. Let g = 25 + n. What is the remainder when g is divided by 11?
8
Calculate the remainder when (-1)/5 + 721*(-1)/(-5) is divided by 29.
28
Let d(x) = 3*x**3 - 2*x**2 + 2*x**3 + 0*x**3 + x. Let p = -2 - -3. Calculate the remainder when 9 is divided by d(p).
1
Let g = -342 - -360. What is the remainder when 66 is divided by g?
12
Let x = -3 + 12. Let u(r) = 2*r**2 + 5*r - 9. Let g be (12/36)/(1/(-15)). Calculate the remainder when u(g) is divided by x.
7
Let l = 231 + -186. What is the remainder when 154 is divided by l?
19
Let j(z) = 570*z**3 + 16*z - 6*z - 569*z**3 + 15*z**2 - 3. What is the remainder when 210 is divided by j(-14)?
51
Suppose -14*s + 790 = -316. Calculate the remainder when s is divided by 43.
36
Suppose -3*k - 5*f = -0*k - 74, f - 40 = -2*k. What is the remainder when 197 is divided by k?
17
Suppose 2*g - 119 + 93 = 0. Let w be (3/6)/((-1)/(-14)). Let h = 45 - w. What is the remainder when h is divided by g?
12
Let d(i) = 14*i**2 + 2*i - 3. What is the remainder when d(-2) is divided by 13?
10
Suppose -2*d + 85 = -7*d - 5*k, -61 = 3*d + k. What is the remainder when 55 is divided by (-7 + d)*(-1 - 0)?
26
Let z(l) = 95 + 3*l - 108 + 3*l. What is the remainder when 41 is divided by z(6)?
18
Suppose 59*j = 54*j + 350. What is the remainder when j is divided by 14?
0
Let z = 227 + -155. Let x(s) = 2*s + 15. Calculate the remainder when z is divided by x(0).
12
Suppose -2*x - 3*x = -10. Suppose 0 = x*b - 4*b + 42. Calculate the remainder when b is divided by ((-2)/(4/22))/(-1).
10
Suppose 8*x - 4*x = 368. Suppose 8 = -2*w, -3*w = 11*h - 83 - 114. Calculate the remainder when x is divided by h.
16
Let h(t) = 2*t**2 + 7*t + 3. Let q be h(-6). Suppose q = -0*u + 3*u. Calculate the remainder when 32 is divided by u.
10
Let s = 6 + 39. Suppose 6*f + 13*f = 323. What is the remainder when s is divided by f?
11
Suppose -34 = -2*i + i. Suppose -88*q - 132 = -90*q. Calculate the remainder when q is divided by i.
32
Let p = -216 + 241. Calculate the remainder when 158 is divided by p.
8
Let w(s) = 4*s**2 - 13*s + 21. Let z(x) = -3*x**2 + 9*x - 14. Let t(a) = -5*w(a) - 7*z(a). Calculate the remainder when 55 is divided by t(-5).
7
Let c(w) be the first derivative of -w**3/3 - 21*w**2/2 + 2*w - 7. What is the remainder when 64 is divided by c(-20)?
20
Let v = -45 + 49. Let a = -2 + 11. Suppose -5*t + a = -36. Calculate the remainder when t is divided by v.
1
Let j(z) = z + 2. Let r be 135/(-60)*16/(-6). Let y(w) = 6*w**2 + w. What is the remainder when j(r) is divided by y(-1)?
3
Suppose 6*d - 12 = 5*d. Calculate the remainder when 166 is divided by d.
10
Suppose -5*c - 4816 = 4*m, 2*c + 1204 = m - 2*m. Calculate the remainder when 149 is divided by 2/(-12) - m/24.
49
Calculate the remainder when 3*(3130/30 - -8) is divided by 69.
61
Let u = 289 + -250. Calculate the remainder when 190 is divided by u.
34
Calculate the remainder when 99 is divided by -4 - (-24)/36*36.
19
Let i(k) = -5*k**2 - 4*k**2 - 5*k**2 + 2 - k**3. Calculate the remainder when 6 is divided by i(-14).
0
Let q = 9 - 4. Suppose -5*d + 19 = -16. Suppose -d = -v + 2. Calculate the remainder when v is divided by q.
4
Let i be (-10)/4*(-52)/65. Suppose 5*w + 20 = 5*p, -2*w - i + 6 = 2*p. Calculate the remainder when 5 is divided by p.
2
Let f(s) = -s**3 + 4*s**2. Let a be f(6). Let g = -4 - -7. Calculate the remainder when 1/((-4)/a*2) is divided by g.
0
Suppose 4*h - 69 = 4*m + 23, 3*h = 5*m + 73. Calculate the remainder when h is divided by 4.
1
Let j be 1/(-6) - (-42)/36. Let k = 7 + -6. Calculate the remainder when k is divided by (j - 5)/(-4) - 0.
0
Suppose y - c - 1042 = -3*y, 5*y - 1309 = -2*c. Suppose -u - u + 5*k = -y, -2*u - 3*k + 221 = 0. What is the remainder when u is divided by 20?
18
Suppose -m - 9 = b, -b + 0*m = 2*m + 6. Suppose 0*p = 3*p - 9. What is the remainder when b/(-30) - 46/(-10) is divided by p?
2
Let n = -159 - -239. Suppose 4*s + s - 10 = 0. What is the remainder when (-16)/(-6)*(-8)/(n/(-15)) is divided by s?
0
Let q = 27 - -13. Suppose -2*l + 5*h = -133, -5*l + 0*h - h = -400. Let i = l + -65. Calculate the remainder when q is divided by i.
12
Let c(r) = r**2 + 6*r - 4. Let l be c(-7). Suppose 4*q + 4*f - 32 = 0, 0 = 4*q - f + l*f - 28. Calculate the remainder when q is divided by -8*(-9)/(-72)*-4.
2
Suppose 159*s + 198 = 168*s. Calculate the remainder when 43 is 